5, 11
List the prime factors of 74 - 5 - ((8 - 6) + -4).
71
Suppose -3*l - 50 = -260. Suppose 3*a + 0*a + 3*t = 0, 0 = -3*a - 2*t. Suppose a = y + 25 - l. What are the prime factors of y?
3, 5
Suppose -54*p - 1437 = -31947. List the prime factors of p.
5, 113
Suppose -n + m = -m + 1, 0 = -2*n + m + 7. Suppose 3*q = n*q - 32. List the prime factors of q.
2
Let k(w) be the first derivative of w**4/4 + 7*w**3/3 - 4*w**2 + 5*w + 8. Let j be k(-8). Suppose -31 = -j*a + 164. List the prime factors of a.
3, 13
Let x(u) = -5*u - 1. Let y(v) = 10*v + 2. Let o(d) = -9*x(d) - 4*y(d). Let p be o(-1). Let g = 0 - p. List the prime factors of g.
2
Let y(x) = -2*x + 2. Let j(k) = -2*k + 2. Let b(u) = 4*j(u) - 3*y(u). Let l be b(-1). Suppose 2*p - l*t = 36, t - 3*t = 10. What are the prime factors of p?
2
Suppose 0 = 4*h + s + 20, 0 = 4*h - 5*h - s - 5. Let z(k) = 2*k**2 + 7*k + 2. Let c be z(h). Suppose u - c = -0*u. List the prime factors of u.
17
Let j(s) = s**2 + 3*s + 2. Let t be j(-3). Suppose f + 20 = t*f. Suppose -x = 4*d + x - f, 5*d - 25 = -x. What are the prime factors of d?
5
Suppose -20*g = 13*g - 52899. List the prime factors of g.
7, 229
Let p = 28 + -36. List the prime factors of p/(-6)*(0 - -3) + 116.
2, 3, 5
Suppose -32*x = -6647 - 142889. List the prime factors of x.
4673
Let f = -474 - -2916. What are the prime factors of f?
2, 3, 11, 37
Suppose 3*c + p + 4*p - 46 = 0, -16 = -2*c + 4*p. Let k(h) be the second derivative of -h**3/6 + 25*h**2/2 - 21*h + 4. List the prime factors of k(c).
13
Let o = 404 - 224. Suppose 4*d + 2*s - 299 = -d, 3*d + s = o. What are the prime factors of d?
61
Let u(i) = 23*i**2 - 3*i + 2. Let r be u(-3). Let k = r - 146. List the prime factors of k.
2, 3
Let y(v) = 8*v**2 + 4. Let w(j) = j + 3. Let b be w(0). Let f be y(b). Suppose 0 = 4*l + 3*i - 163, -3*l = 3*i - 44 - f. List the prime factors of l.
43
Let k = -127 - -110. Let b = k + 29. List the prime factors of b.
2, 3
Suppose 0 = -12*h + 8*h + 456. Suppose h = 3*o - 123. What are the prime factors of o?
79
Let f = 2359 + -1033. What are the prime factors of f?
2, 3, 13, 17
Let j be (-20)/((-6)/(-4)*56/(-714)). Suppose 166*c = j*c - 180. List the prime factors of c.
3, 5
Let i be (1 - 3)*(-35)/2. Suppose -2*w = -37 - i. Suppose j - 2*j = 4*y - w, -12 = -3*j. What are the prime factors of y?
2
What are the prime factors of (-75)/(-50)*4344/9?
2, 181
Let x be (4 - 1)*144/(-27). Let p be (-3)/(((-60)/x)/5). List the prime factors of p/(-5) - 231/(-5).
47
Suppose 0 = -y + 21 - 22. What are the prime factors of y/((-2)/(-15))*(-88)/12?
5, 11
Suppose -30*f + 28*f + 10 = 0. Suppose 4*r - 2*g = 3*r + 113, -r + f*g = -122. What are the prime factors of r?
107
Let k = 1464 - 935. What are the prime factors of k?
23
Suppose -4*m + 955 = -3*m + o, -2881 = -3*m + o. What are the prime factors of m?
7, 137
Let c = -2 - -4. Suppose c*z - 64 = z. What are the prime factors of z?
2
Let i(f) = -3*f**3 - 68*f**2 + 16*f - 24. List the prime factors of i(-23).
137
Suppose -5369 = -227*a + 220*a. List the prime factors of a.
13, 59
Let u = -111 + 6. Let x = -50 - u. What are the prime factors of x?
5, 11
Suppose 0 = -5*d - 33 + 83. List the prime factors of (-2)/d - 1808/(-40).
3, 5
Suppose -5*p + 26 = -f, 0 = -p - 2 + 7. Let r(g) be the second derivative of -5*g**3/6 + g**2 - 13*g. List the prime factors of r(f).
7
Suppose -3*g = -z + 10, z + 3*z = 4*g + 8. Let v(c) = -c**3 + 7*c**2 + 6*c - 12. List the prime factors of v(g).
2, 5, 7
Let c(f) = f**3 - 3*f**2 + 3*f - 2. Let l be c(2). Let t be (-8)/4 + (-11)/(-1). Suppose l = -2*v + 6, -v = 3*h - h - t. List the prime factors of h.
3
Suppose -o - 5*j - 390 = -6*o, 3*j + 151 = 2*o. Let g be (o/3 + -1)*3. Suppose -5*c + 90 = -g. List the prime factors of c.
2, 17
What are the prime factors of 587 + (2 - (5 + -6))?
2, 5, 59
Suppose -3*g = -0*g. Suppose -3*x - 5*c + 12 = -2*x, g = -3*c + 3. Suppose 2*s = x*s - 10. List the prime factors of s.
2
Suppose 1591 = 4*y - 3*p - 1963, -2*y = -3*p - 1774. What are the prime factors of y?
2, 5, 89
List the prime factors of 4564/7*1 + 2.
2, 3, 109
Let p = -2354 - -1671. What are the prime factors of p/(-3) - (-2)/(-3)?
227
Let g = 994 - 581. What are the prime factors of g?
7, 59
Let g(t) = -t**3 + 20*t**2 - 2*t - 13. What are the prime factors of g(18)?
599
Let h(t) = -t + 8. Let w be h(4). Suppose w*l = 269 + 335. List the prime factors of l.
151
Let t = 4690 + 294. What are the prime factors of t?
2, 7, 89
Let k be 0 - 1 - (-86)/(-1). Let n be k/(-1) + 2 + -1. Suppose 3*a + 2*r = 132, 2*r = -2*a - r + n. List the prime factors of a.
2, 11
Suppose -2*r + 858 = -i, 3*r - 4*i = -0*r + 1277. What are the prime factors of r?
431
Let f(p) = -13*p + 2. Let q(w) be the first derivative of w**4/4 - w**2/2 - 2*w + 5. Let o be q(-1). List the prime factors of f(o).
2, 7
Suppose 0 = -16*g + 63692 - 17644. What are the prime factors of g?
2, 1439
Let t(a) = -134*a + 98. List the prime factors of t(-5).
2, 3
Let d(w) = -3*w - 2. Let y be d(8). Let u = y - -46. What are the prime factors of u?
2, 5
Suppose 0 = 3*l + 2*l + 215. Let s be (108/(-42))/(6/28). Let a = s - l. List the prime factors of a.
31
Let u(l) = -5*l - 11. Let q be u(-6). Suppose -2*d = b - q - 0, 3*d - 16 = -4*b. List the prime factors of d.
2, 3
Let d = 28 + -25. Suppose -4*k + 57 = 6*c - d*c, 5*c - 130 = 5*k. What are the prime factors of c?
23
Let g(m) = 6*m**2 - 1. Let s = 13 + -12. Let k be g(s). Suppose 3*y + 3*v = 4*y - 34, 2*y + k*v = 24. What are the prime factors of y?
2, 11
Let u(s) = -2*s + 12. Let m be u(6). Suppose -4*q + 0*q = -4*o + 876, m = -2*o - 3*q + 418. List the prime factors of o.
5, 43
Let v = 40 + -23. Let x = -15 + v. Suppose -20 = p - 5*j - 78, 0 = x*j + 6. What are the prime factors of p?
43
Let s(q) = 81*q - 1. Let f be s(1). Let o = f - 16. List the prime factors of o.
2
Let z(t) = -t**3 - 7*t**2 + 5*t + 9. Let f be z(-8). Let u = f + -22. Let p(h) = -h**2 + 12*h + 7. List the prime factors of p(u).
2, 3
Suppose -2*s + 3*d + 25 = 4*d, -3*s + 5*d = -57. Let j(m) = 7*m + 16. List the prime factors of j(s).
2, 3, 19
What are the prime factors of -125*(-2 + 0)/(12/30)?
5
List the prime factors of 158/20*8*(-520)/(-16).
2, 13, 79
Suppose 2*z - 12 = -4*h, -3*z - 1 - 3 = -5*h. Suppose h*t + 5*t - 1232 = 0. List the prime factors of t.
2, 11
Let f(x) = 2*x + 5. Let b be f(-4). Let l be (7 - 7)/(-1 - b). What are the prime factors of (1 - -18) + l/(-2)?
19
Suppose -18 + 98 = d. Suppose -4*v + 6*v - d = 0. What are the prime factors of v?
2, 5
Let y(p) = 5*p + p + 2*p - 3. Let j be y(-11). List the prime factors of (10/(-7))/(13/j).
2, 5
Let d(o) = -10*o - 7. Let j be d(-2). Let q(f) = -1 + 2 - 18*f**3 - 3*f**2 + j*f**3 + 8*f**3. What are the prime factors of q(2)?
13
Suppose -4*b + 568 = 4*f, b = -0*b - 2*f + 137. Let u = b + -105. List the prime factors of u.
2, 3, 7
Let l = 104 + -93. Let j = l + 101. What are the prime factors of j?
2, 7
Suppose -5*o - 28 + 144 = r, -3*r - 36 = -o. Suppose -8*j + o = -216. List the prime factors of j.
2, 3, 5
Let t = 153 - 146. Suppose t*f - 1852 = -88. What are the prime factors of f?
2, 3, 7
Suppose -140*x + 143*x + 4*z - 1011 = 0, -3*x + 5*z = -984. What are the prime factors of x?
3, 37
Let m = 11 + -2. Suppose 0*o - 2*o + 3*v = m, -v + 17 = 4*o. Suppose 0 = -o*n + 72 + 39. What are the prime factors of n?
37
Suppose i + 1 = 2*z + 4, 10 = i + 5*z. Suppose 2*s - 5*h - 104 = 0, i*h - 64 = -3*s + s. List the prime factors of s.
2, 3, 7
Let u be (-4)/2*9/2. Let h = u - -7. What are the prime factors of (25 + 2)/((-2)/h)?
3
Let h = 11 - 17. Let b(s) = -16*s - 19. List the prime factors of b(h).
7, 11
Let n = 35 - 33. Suppose -4 = -p + n. Suppose -x = 5*a - 19, -a - x = -p*a + 11. List the prime factors of a.
3
Let l be 36/(-9)*1/(-2). Suppose -3*x = d, 0 = 5*d - l + 17. Suppose -x = q, 2*y + 0*q - q = 77. What are the prime factors of y?
2, 19
Let i = 1776 + -1733. List the prime factors of i.
43
Let a(f) = f**3 - 4*f**2 - 3*f - 8. Let w be a(5). Suppose 0 - 4 = w*i, -2*g - 3*i = -364. What are the prime factors of g?
5, 37
Let f(l) = l**3 - 12*l**2 + 3*l - 29. Let w be f(12). Suppose w*m - 295 - 118 = 0. What are the prime factors of m?
59
Suppose -3*c + 2*c + 248 = 0. Suppose 